est common divisor of 37 and 264711542.
37
Calculate the highest common factor of 158447 and 6854.
23
What is the greatest common divisor of 425168 and 1040?
16
Calculate the greatest common divisor of 784 and 851032.
392
What is the greatest common factor of 6479 and 81685?
31
What is the highest common divisor of 157676 and 436?
4
Calculate the highest common divisor of 875294 and 11536.
1442
What is the greatest common factor of 13322 and 56198857?
6661
Calculate the greatest common divisor of 87131448 and 5328.
2664
Calculate the highest common divisor of 93945291 and 99.
33
Calculate the greatest common divisor of 1479 and 30561801.
51
Calculate the highest common factor of 3290784 and 213696.
672
What is the highest common divisor of 67208740 and 99028?
5212
What is the greatest common factor of 180 and 1147460?
20
Calculate the highest common divisor of 493 and 11383285.
17
Calculate the greatest common divisor of 265 and 8064427.
53
What is the greatest common divisor of 19941662 and 52?
26
What is the greatest common factor of 488 and 7835206?
122
Calculate the highest common factor of 990 and 10202445.
495
Calculate the highest common divisor of 2014 and 1589654.
38
What is the greatest common factor of 15618840 and 18?
6
What is the greatest common factor of 313080 and 210?
30
What is the highest common factor of 2824 and 139704?
8
What is the greatest common factor of 168025 and 83279911?
6721
What is the greatest common divisor of 163735 and 16731?
143
What is the highest common divisor of 396918158 and 182?
182
What is the greatest common factor of 534545679 and 36735?
7347
Calculate the highest common factor of 5980 and 1207247.
23
Calculate the highest common divisor of 1199 and 3564770.
11
Calculate the highest common divisor of 152 and 1256264.
8
Calculate the highest common divisor of 7614 and 1451360.
94
Calculate the greatest common factor of 1032998571 and 4653.
4653
What is the greatest common divisor of 2085864886 and 347?
347
Calculate the greatest common factor of 87 and 26029153.
29
Calculate the greatest common divisor of 49854 and 20622.
42
Calculate the greatest common divisor of 417 and 27052875.
417
What is the highest common divisor of 52660358 and 9572?
4786
Calculate the highest common divisor of 152 and 15931956.
76
What is the greatest common factor of 1989 and 183721941?
1989
Calculate the highest common factor of 230 and 19798285.
115
What is the greatest common divisor of 15800565 and 24890?
655
Calculate the greatest common factor of 223 and 15648356.
223
What is the greatest common divisor of 15239 and 254800?
49
What is the highest common factor of 26465000 and 625?
625
Calculate the greatest common divisor of 24642 and 6697.
37
What is the highest common divisor of 1526602 and 45686?
862
Calculate the highest common divisor of 3218751 and 54.
27
What is the greatest common divisor of 10465 and 568445?
115
What is the greatest common factor of 6635744 and 64?
32
Calculate the highest common factor of 1780531 and 4962.
827
Calculate the greatest common factor of 146494116 and 48.
12
What is the greatest common factor of 3538 and 2310619?
61
What is the greatest common divisor of 413444560 and 4560?
1520
Calculate the greatest common factor of 871158 and 912.
6
Calculate the greatest common divisor of 36792 and 83496.
168
Calculate the greatest common factor of 10325853 and 675.
27
Calculate the highest common divisor of 1463 and 19696831.
77
What is the highest common divisor of 75 and 53835825?
75
Calculate the highest common divisor of 1800 and 1892655.
45
What is the highest common factor of 5565978784 and 5792?
5792
Calculate the highest common divisor of 14208 and 2431344.
1776
Calculate the highest common factor of 2819895 and 465.
15
What is the greatest common factor of 450 and 3770136?
18
Calculate the greatest common factor of 63853472 and 128.
32
What is the greatest common factor of 3795 and 4557289?
253
Calculate the greatest common divisor of 238 and 13365604.
238
Calculate the greatest common divisor of 8134 and 852502.
98
What is the highest common divisor of 338133 and 1197921?
1257
What is the highest common divisor of 5957 and 1060990?
161
What is the highest common divisor of 11148984 and 5016?
264
What is the greatest common factor of 91431 and 225?
9
What is the greatest common factor of 2460 and 266210?
10
What is the highest common factor of 744194 and 1364?
22
Calculate the greatest common factor of 717268 and 64.
4
Calculate the greatest common factor of 36 and 1924256.
4
Calculate the highest common factor of 352 and 795641968.
176
Calculate the greatest common divisor of 608289471 and 24273.
8091
What is the greatest common divisor of 2889436 and 7857?
97
Calculate the greatest common factor of 120 and 220653576.
24
Calculate the greatest common factor of 335442 and 5883.
111
Calculate the highest common divisor of 105 and 28734195.
105
What is the highest common divisor of 25599 and 11467547?
161
Calculate the highest common factor of 190842 and 2091.
51
What is the highest common divisor of 946 and 5993658?
22
Calculate the highest common factor of 158670248 and 2202.
734
Calculate the highest common factor of 71936 and 1024768.
256
What is the highest common divisor of 136 and 7700184?
136
What is the greatest common factor of 1241 and 15234363?
17
What is the highest common factor of 574 and 2998207?
41
Calculate the highest common divisor of 649 and 2614876.
11
Calculate the highest common factor of 2940 and 219324.
588
What is the highest common factor of 75423 and 3217237?
811
Calculate the highest common divisor of 3204 and 166789026.
1602
Calculate the greatest common factor of 56 and 5243224.
56
What is the highest common factor of 2352 and 48018726?
294
Calculate the highest common factor of 27312 and 56448.
48
What is the highest common factor of 137063032 and 58104?
2152
Calculate the greatest common factor of 58 and 116865998.
58
Calculate the highest common divisor of 421424 and 19056.
16
Calculate the greatest common factor of 290425 and 50.
25
Calculate the greatest common factor of 2708 and 39185437.
677
What is the greatest common divisor of 384360246 and 27?
9
What is the greatest common divisor of 592963 and 176001?
203
Calculate the highest common divisor of 7308975 and 375.
75
What is the greatest common factor of 20265845 and 33584?
2099
Calculate the highest common divisor of 45 and 2987945.
5
Calculate the highest common factor of 356973 and 2311458.
771
Calculate the highest common factor of 579 and 70862073.
579
Calculate the greatest common divisor of 14241 and 12425929.
101
What is the highest common factor of 5412 and 8009637?
123
What is the highest common divisor of 14330130 and 30?
30
What is the highest common factor of 111890 and 1060?
10
What is the greatest common factor of 26900389 and 2307?
769
What is the greatest common divisor of 19755450 and 206778?
858
Calculate the highest common divisor of 94357 and 856425.
601
What is the greatest common factor of 486438 and 1615?
323
What is the highest common factor of 731 and 6659767?
17
What is the greatest common factor of 58080 and 23573792?
352
What is the highest common divisor of 16575731 and 31?
31
Calculate the highest common factor of 3998914 and 35690.
86
Calculate the greatest common divisor of 12098 and 1196124.
526
Calculate the highest common divisor of 3168 and 53568.
288
Calculate the highest common factor of 43155538 and 1592.
398
What is the greatest common divisor of 22616 and 11246?
2
Calculate the highest common divisor of 17940 and 2258646.
1794
What is the highest common divisor of 11386932 and 552?
276
Calculate the greatest common divisor of 179743580 and 248.
124
Calculate the highest common factor of 293 and 80199667.
293
Calculate the greatest common factor of 36 and 20955789.
9
Calculate the greatest common divisor of 46 and 53095293.
23
What is the greatest common factor of 7875 and 215698875?
2625
Calculate the greatest common factor of 65692511 and 94.
47
Calculate the greatest common divisor of 384 and 96093024.
96
Calculate the greatest common divisor of 728762 and 775982.
1574
What is the greatest common divisor of 808912 and 11596?
52
Calculate the hi